pose 0*z + 4*z = 560. What is the highest common factor of z and 105?
35
Suppose 28*k - 486 = 102. Let f be 3/3*(1 - 1). Suppose f = -6*u + 5*u + k. What is the highest common factor of u and 3?
3
Suppose -2*t + t + 3 = 0. Suppose -t*a + 108 = a. Calculate the greatest common divisor of 81 and a.
27
Let i(r) = -7*r + 43. Let q(d) = -3*d + 21. Let m(g) = -2*i(g) + 5*q(g). Let k be m(8). Let a = 969 + -958. What is the greatest common divisor of a and k?
11
Suppose 8 = 5*h - 32. Let c be 3 + -2*26/4. Let w be c/(-3)*1*6. Calculate the greatest common divisor of w and h.
4
Suppose -m - 2 - 3 = 0, -2*m = -5*q - 5. Let r be 1 + q + 3 - -3. Suppose w - 5*w + r = 0. Calculate the highest common divisor of 5 and w.
1
Suppose 11*w - 75 = -14*w. Calculate the greatest common factor of 123 and w.
3
Let l(h) = -12*h + 27. Let q be l(2). What is the highest common factor of q and 2?
1
Suppose 236 = -29*a + 6848. Calculate the greatest common divisor of 532 and a.
76
Let p(b) = -b**2 + 78*b + 47. Let g be p(14). What is the highest common factor of 41 and g?
41
Let a be (-3 + 5)/4*-6. Let o(s) = s**3 + s**2 - 4*s. Let w be o(a). Let d be (15/10)/((-1)/w). Calculate the highest common divisor of 63 and d.
9
Suppose 3*m - 250 = 2*u, 9*u - 415 = -5*m + 14*u. Let z be (-1 - 2)*(-5 + -2). What is the greatest common factor of z and m?
21
Let a(p) = 2*p + 6. Let c be a(-5). Let u be ((-23)/2)/(c/(-8)). Let d = u - -31. Calculate the highest common divisor of d and 24.
8
Let m(f) be the second derivative of 0*f**4 - 1/6*f**3 + 0 + 0*f**2 + f - 11/10*f**5. Let i be m(-1). What is the highest common divisor of 23 and i?
23
Let o(r) = r**3 + r**2 + 14*r - 25. Let c be o(2). What is the greatest common factor of c and 285?
15
Let a be (-2 - (-3 + 3))*-20. Suppose -9 - 3 = -2*u. Let s be (-5)/2*u/(-3). Calculate the greatest common factor of s and a.
5
Suppose 3*c + 0*c - 12 = 0. Let h(p) = p + 1. Let r be h(c). Suppose -33*s + 34*s - 2 = 0. What is the greatest common divisor of s and r?
1
Let b(u) = 402*u + 6. Let y be b(1). What is the greatest common divisor of 51 and y?
51
Suppose -46 = -2*j + v, 0*v - 8 = -2*v. Calculate the highest common factor of 575 and j.
25
Let n be 2/10 + 1194/30. Let u be (2 + (-4 - 0))*-4. Calculate the greatest common factor of n and u.
8
Suppose 3*z = 5*y + 62, -34 = -3*z + 2*y - 4*y. Let b(m) = -7*m + 7. Let r be b(-7). Suppose 2*d - 6*d = -r. Calculate the highest common factor of d and z.
14
Suppose -25*k + 240 = -k. Calculate the greatest common divisor of 1290 and k.
10
Let d = 26 + -19. Suppose a - 128 = -d*a. What is the highest common factor of a and 112?
16
Suppose 0 = -3*p + 138 - 9. Calculate the greatest common factor of p and 559.
43
Let j be -1*2 + (-42)/(-7). Let a be (2/(-6))/(j/(-84)). Suppose o - 1 = a. Calculate the greatest common factor of o and 88.
8
Let o(c) = 9*c - 219. Let v be o(26). Let h = 33 + -21. What is the highest common divisor of h and v?
3
Let m = 107 + -35. Suppose -19*i = -15*i. Let q(x) = -x + 24. Let o be q(i). Calculate the highest common factor of m and o.
24
Suppose 2*f + 3*q + 15 = 0, -2*q - 12 + 2 = -2*f. Suppose -5*n + 250 = -f*n. What is the greatest common divisor of n and 40?
10
Suppose -l = -5*t - 3, 3*t = 2*l - 0*t - 6. Let m be 1 + (38 - l/(-3)). What is the greatest common factor of m and 24?
8
Let q(b) = -b**2. Let a be q(1). Let g be a/((-113)/(-38) + -3). Suppose 3*w - n = g, 2*w - 5*n - 12 - 9 = 0. What is the greatest common divisor of 143 and w?
13
Let m(p) = p**3 - 18*p**2 - 36*p - 8. Let i be m(20). Suppose -124 + 34 = -3*d - 5*n, -n = -3*d + i. What is the highest common divisor of 325 and d?
25
Let o = -4 + 16. Let n(u) = 5*u**3 - 3*u**2 - u + 4. Let d be n(2). Suppose 8*y = 3*b + 5*y - d, -b + 3*y = -6. What is the highest common factor of b and o?
12
Let q = 32 - 48. Let d be ((-132)/q)/((-1)/(-4)). Suppose -4*j = -2*h - 10, -4*h - 4*j + 20 = -2*j. What is the greatest common factor of d and h?
3
Let x(s) = s**2 - 12*s + 16. Let f be x(12). Let h(r) = -r**3 + 16*r**2 - r + 28. Let o be h(f). What is the highest common divisor of o and 108?
12
Let r(i) = -i**2 - 27*i - 44. Let n be r(-23). Calculate the greatest common divisor of n and 32.
16
Let j = 2 + 13. Let g be ((-1)/(-2))/((-5)/(-110)) + -16 + 15. Calculate the highest common factor of g and j.
5
Suppose 2*j = y + 35, 2*j - 29 = -0*j + 3*y. Let d = -90 + 77. Let n = j + d. What is the greatest common factor of 48 and n?
6
Suppose n - 2*f = 78, 5*n - 5*f - 246 = 169. Suppose 48 = -23*g + 29*g. What is the highest common factor of n and g?
8
Let a = -322 + 511. Let k(z) = -3*z + 16. Let f be k(4). Suppose f*n + 3*x - x - 80 = 0, -4*n + 94 = -5*x. What is the greatest common factor of a and n?
21
Suppose 0 = -4*i + 84 - 20. Let n be i/12*(-189)/(-6). Let l be (2/(-3))/((-4)/n). Calculate the greatest common factor of 63 and l.
7
Let u(v) = 3*v**2 + 34*v + 21. Let d be u(-11). Let q(a) = -6*a**2 - 3*a**3 - a**3 + 3*a + 5*a**3. Let x be q(7). What is the highest common divisor of d and x?
10
Suppose -7*a + 86 = -243. Suppose -7*b = a - 383. Calculate the highest common divisor of b and 12.
12
Suppose -132 = 3*v - 7*v. Let m be (13/(-4))/(4 - v/8). What is the highest common divisor of 286 and m?
26
Suppose 2*z - 16 = -0*z. Suppose -2*g = -13*g + 55. Suppose g*k - 21 = 39. Calculate the greatest common divisor of k and z.
4
Let o(r) = r**3 + r**2 + 7. Let s be o(0). Suppose 0 = s*w - 9*w + 44. What is the highest common divisor of 2 and w?
2
Suppose k = 33 - 10. What is the highest common factor of 1 and k?
1
Suppose -3*x + 893 - 95 = 0. What is the highest common divisor of x and 28?
14
Suppose -c - 5*o = -15 - 1, -o = 5*c - 32. Let a be (8/10)/(c/15). Suppose 5*y = 4*s + 37, a = -3*y + y - 4*s. Calculate the highest common divisor of y and 10.
5
Let s = -34 - -38. What is the greatest common divisor of s and 68?
4
Suppose 120 = 159*r - 151*r. What is the greatest common factor of 15 and r?
15
Let u(i) = -2*i**3 + 16*i**2 - 8*i + 6. Let j be u(6). Suppose -8*k - j = -9*k. Calculate the greatest common divisor of 17 and k.
17
Let v = -32 - -2. Let t = -28 - v. Suppose t*q + 4 = 2*z - 2*q, -40 = -5*z + 4*q. What is the highest common divisor of z and 48?
12
Suppose -5*g = h - 6 - 3, -19 = -5*h + g. Calculate the greatest common divisor of 82 and h.
2
Let g be (-2)/1 - -8 - -120. Let r(d) = d**2 - 2*d - 1. Let m be r(-3). What is the highest common factor of m and g?
14
Let y(v) = 336*v**2 - 135*v + 269. Let q be y(2). What is the greatest common divisor of q and 316?
79
Suppose 5*q + 4*p - 486 = 0, 0*q + 298 = 3*q + 4*p. Suppose q - 22 = 2*d. Let b = -8 + 17. Calculate the highest common divisor of b and d.
9
Suppose 6*x - 2*x = -5*k + 6, 3*k - 10 = -4*x. Suppose i = -i + 8. What is the greatest common divisor of i and x?
4
Let z be (4 - (-1 + 8))*(-14)/2. Let i = z - -43. Calculate the highest common factor of i and 32.
32
Let p be 146/(-1533) - 3280/(-42). Calculate the highest common factor of p and 416.
26
Let r(v) = 0*v + 3*v - 2*v - 14. Let j be r(-8). Let h be (-33)/j + (-1038)/(-4). Calculate the highest common divisor of h and 29.
29
Suppose 3*t + 6 = -5*f, 5*f + 4*t = f. Let d be -3 - f/2*100/30. What is the highest common divisor of 7 and d?
1
Let a be (65 + -2)*24/14. Calculate the highest common factor of 4 and a.
4
Let i be ((-362)/(-4) - 1)/((-14)/28). Let l = -99 - i. What is the greatest common divisor of l and 5?
5
Let f = 2 - -3. Let u = -82 + 82. Suppose -s = w + 2*w - 4, f*w - 2*s - 25 = u. Calculate the greatest common divisor of 33 and w.
3
Suppose -3*i - i + 24 = 0. Suppose -u + 1 = -0, -2*n = 2*u - i. Calculate the greatest common divisor of n and 4.
2
Let g(x) be the first derivative of -x**3/3 + 9*x**2/2 + 7*x - 8. Let f be g(7). Let u = -10 + f. Calculate the highest common divisor of u and 33.
11
Suppose -3*b - 4*c = -73 - 41, -2*b - 2*c + 78 = 0. Calculate the highest common factor of 175 and b.
7
Suppose -2*n = -4*i - n + 52, -4*i + 48 = -2*n. Suppose -2*t + 14 = -70. Calculate the highest common factor of t and i.
14
Let f = -4 + 9. Let g(h) = -h**2 + 6*h - 6. Let s be g(f). Let v be -8*s/2*3. Calculate the highest common factor of v and 12.
12
Suppose 0 = 5*w - 2*f - 36, 0 = -f - 3 - 0